3) in base 5?
143
What is -1234 (base 6) in base 15?
-15a
Convert -655 (base 7) to base 5.
-2314
-2 (base 11) to base 10
-2
Convert -1000 (base 3) to base 14.
-1d
What is 4 (base 8) in base 9?
4
130 (base 7) to base 11
64
What is 20 (base 3) in base 12?
6
0 (base 16) to base 8
0
What is -443 (base 5) in base 13?
-96
Convert -110010 (base 2) to base 14.
-38
Convert 2 (base 12) to base 10.
2
-94 (base 15) to base 12
-b7
What is -31 (base 12) in base 15?
-27
What is -1 (base 3) in base 13?
-1
What is -66 (base 9) in base 7?
-114
Convert 100 (base 3) to base 2.
1001
What is -44 (base 7) in base 10?
-32
343 (base 8) to base 4
3203
-1 (base 15) to base 12
-1
41 (base 11) to base 16
2d
-1 (base 12) to base 16
-1
202 (base 11) to base 6
1044
Convert -1 (base 14) to base 13.
-1
What is -14 (base 14) in base 12?
-16
Convert 16 (base 7) to base 2.
1101
Convert 3 (base 8) to base 15.
3
-3 (base 4) to base 6
-3
What is -e (base 16) in base 3?
-112
What is 5 (base 14) in base 5?
10
121 (base 4) to base 10
25
Convert -10 (base 10) to base 14.
-a
342 (base 7) to base 16
b1
1 (base 5) to base 10
1
100100101 (base 2) to base 4
10211
Convert -300 (base 10) to base 14.
-176
Convert -13 (base 10) to base 9.
-14
-30 (base 9) to base 15
-1c
What is -200 (base 9) in base 8?
-242
-2 (base 14) to base 10
-2
What is -23 (base 15) in base 7?
-45
Convert 6 (base 8) to base 16.
6
What is -1 (base 3) in base 6?
-1
What is -33 (base 13) in base 2?
-101010
100120 (base 3) to base 15
123
2 (base 12) to base 9
2
What is 3 (base 14) in base 16?
3
Convert 3 (base 11) to base 9.
3
-12 (base 3) to base 14
-5
3 (base 12) to base 14
3
What is -5b (base 12) in base 6?
-155
What is -29 (base 12) in base 16?
-21
Convert 3 (base 6) to base 2.
11
Convert -1 (base 3) to base 8.
-1
Convert 4b (base 12) to base 8.
73
What is 1 (base 4) in base 8?
1
-1 (base 11) to base 16
-1
-21 (base 10) to base 4
-111
What is 4 (base 15) in base 4?
10
-a (base 12) to base 11
-a
Convert 111 (base 5) to base 11.
29
105 (base 9) to base 6
222
What is 101 (base 2) in base 13?
5
Convert -6 (base 10) to base 15.
-6
-24 (base 13) to base 5
-110
What is 10 (base 5) in base 6?
5
What is 0 (base 2) in base 7?
0
Convert -24 (base 14) to base 10.
-32
What is 11 (base 4) in base 2?
101
132 (base 11) to base 7
312
What is -de (base 16) in base 2?
-11011110
What is -124 (base 11) in base 16?
-93
What is 174 (base 15) in base 9?
411
-7 (base 15) to base 16
-7
10 (base 3) to base 5
3
What is -20 (base 6) in base 15?
-c
-1 (base 7) to base 6
-1
-6c (base 14) to base 5
-341
3 (base 4) to base 16
3
-23 (base 11) to base 8
-31
Convert 236 (base 8) to base 5.
1113
29 (base 13) to base 10
35
4 (base 12) to base 5
4
Convert -33 (base 5) to base 15.
-13
Convert -3 (base 7) to base 8.
-3
-10 (base 2) to base 8
-2
What is -16 (base 8) in base 16?
-e
What is -44 (base 5) in base 14?
-1a
-1 (base 2) to base 9
-1
What is 1303 (base 6) in base 12?
233
0 (base 13) to base 8
0
100000110 (base 2) to base 8
406
2b (base 13) to base 5
122
Convert -76 (base 15) to base 16.
-6f
-201 (base 7) to base 14
-71
Convert -1 (base 8) to base 2.
-1
What is -11 (base 3) in base 4?
-10
-24 (base 11) to base 8
-32
0 (base 4) to base 15
0
2 (base 8) to base 12
2
What is 1 (base 7) in base 12?
1
-212 (base 4) to base 9
-42
Convert 1 (base 16) to base 5.
1
Convert 1 (base 14) to base 12.
1
Convert ab (base 15) to base 5.
1121
Convert a (base 16) to base 5.
20
Convert -2 (base 6) to base 4.
-2
Convert 62 (base 8) to base 12.
42
bc (base 13) to base 5
1110
What is a (base 14) in base 3?
101
Convert 1 (base 4) to base 14.
1
Convert -1 (base 15) to base 14.
-1
ab (base 15) to base 16
a1
Convert 8 (base 16) to base 9.
8
What is 110100 (base 2) in base 13?
40
Convert 2 (base 15) to base 3.
2
Convert -1 (base 16) to base 15.
-1
Convert -2 (base 15) to base 8.
-2
Convert -14 (base 13) to base 10.
-17
Convert 1 (base 8) to base 7.
1
Convert -3 (base 14) to base 7.
-3
Convert -3 (base 10) to base 4.
-3
What is 30 (base 14) in base 11?
39
-238 (base 10) to base 12
-17a
What is -117 (base 8) in base 16?
-4f
Convert 0 (base 2) to base 14.
0
What is 0 (base 9) in base 16?
0
What is -211 (base 4) in base 9?
-41
Convert 222 (base 3) to base 14.
1c
Convert -7 (base 16) to base 6.
-11
4 (base 7) to base 2
100
What is -1152 (base 6) in base 9?
-345
-46 (base 11) to base 4
-302
What is 1 (base 10) in base 5?
1
50 (base 11) to base 15
3a
What is 43 (base 10) in base 15?
2d
7 (base 10) to base 9
7
110 (base 3) to base 5
22
Convert -4 (base 13) to base 12.
-4
What is -20 (base 5) in base 4?
-22
-11 (base 2) to base 16
-3
Convert -d (base 16) to base 10.
-13
What is -56 (base 10) in base 9?
-62
What is -29 (base 10) in base 14?
-21
54 (base 8) to base 12
38
-11 (base 13) to base 4
-32
Convert 147 (base 15) to base 6.
1204
What is 403 (base 5) in base 4?
1213
Convert 131 (base 4) to base 10.
29
What is -100 (base 11) in base 3?
-11111
2 (base 8) to base 7
2
Convert -1 (base 4) to base 6.
-1
What is 2 (base 16) in base 9?
2
Convert 5a (base 11) to base 6.
145
10 (base 10) to base 2
1010
What is 1123 (base 4) in base 5?
331
Convert -44 (base 13) to base 5.
-211
-100000 (base 2) to base 3
-1012
-131 (base 8) to base 12
-75
Convert 23 (base 9) to base 12.
19
115 (base 13) to base 12
137
What is 1a6 (base 12) in base 14?
154
Convert 23 (base 4) to base 10.
11
-1111 (base 2) to base 16
-f
Convert 44 (base 10) to base 8.
54
What is -4 (base 13) in base 11?
-4
-f (base 16) to base 2
-1111
-4 (base 11) to base 12
-4
What is 2 (base 16) in base 4?
2
Convert -143 (base 15) to base 11.
-242
-34 (base 10) to base 2
-100010
What is 11001 (base 2) in base 15?
1a
Convert -4 (base 7) to base 13.
-4
What is 3 (base 10) in base 5?
3
What is 0 (base 14) in base 9?
0
What is -342 (base 8) in base 6?
-1014
What is 0 (base 7) in base 6?
0
Convert 103 (base 11) to base 7.
235
Convert 4 (base 9) to base 13.
4
22 (base 3) to base 10
8
Convert 3 (base 15) to base 8.
3
Convert -100 (base 2) to base 7.
-4
Convert -2 (base 10) to base 15.
-2
-4 (base 8) to base 15
-4
-2 (base 8) to base 14
-2
Convert 10100 (base 2) to base 3.
202
What is 30 (base 9) in base 3?
1000
What is 0 (base 9) in base 15?
0
2 (base 11) to base 6
2
What is -23 (base 12) in base 14?
-1d
-4b (base 14) to base 4
-1003
Convert -9 (base 12) to base 16.
-9
1043 (base 5) to base 12
104
Convert 11 (base 16) to base 4.
101
10a (base 12) to base 4
2122
-21210 (base 3) to base 2
-11010010
Convert -171 (base 8) to base 11.
-100
Convert 3 (base 16) to base 3.
10
-b3 (base 13) to base 3
-12102
Convert 8 (base 16) to base 12.
8
What is -110 (base 2) in base 12?
-6
10221 (base 3) to base 11
97
Convert -10 (base 4) to base 16.
-4
What is 5 (base 12) in base 10?
5
0 (base 8) to base 4
0
2 (base 11) to base 5
2
What is -26 (base 7) in base 10?
-20
Convert -b (base 15) to base 5.
-21
222 (base 8) to base 3
12102
-533 (base 6) to base 2
-11001001
What is 14e (base 15) in base 3?
102002
What is -5 (base 16) in base 15?
-5
What is 7 (base 16) in base 14?
7
-4 (base 6) to base 10
-4
What is 6 (base 15) in base 2?
110
Convert -2 (base 14) to base 9.
-2
What is -202 (base 4) in base 7?
-46
What is 6 (base 8) in base 3?
20
53 (base 6) to base 14
25
What is 14 (base 9) in base 4?
31
Convert 7 (base 9) to base 13.
7
13 (base 10) to base 8
15
What is 224 (base 5) in base 6?
144
What is -16 (base 15) in base 6?
-33
What is -357 (base 8) in base 10?
-239
110 (base 6) to base 12
36
-22 (base 12) to base 13
-20
9 (base 14) to base 4
21
-4c (base 16) to base 11
-6a
Convert 8 (base 10) to base 14.
8
What is 63 (base 11) in base 2?
1000101
What is 111 (base 2) in base 10?
7
What is 2 (base 8) in base 11?
2
Convert 20 (base 3) to base 8.
6
-55 (base 7) to base 15
-2a
What is -22 (base 3) in base 7?
-11
-3 (base 4) to base 13
-3
Convert -1 (base 8) to base 11.
-1
Convert 1110 (base 2) to base 10.
14
What is 20 (base 4) in base 16?
8
-6 (base 8) to base 13
-6
What is -18 (base 10) in base 2?
-10010
Convert -1 (base 14) to base 12.
-1
1 (base 6) to base 8
1
What is 4 (base 9) in base 7?
4
-31 (base 11) to base 6
-54
What is 145 (base 6) in base 15?
45
14 (base 8) to base 5
22
What is -1001 (base 2) in base 9?
-10
Convert 1 (base 9) to base 2.
1
-b (base 15) to base 9
-12
Con